{"id":236,"date":"2026-02-09T16:21:15","date_gmt":"2026-02-09T15:21:15","guid":{"rendered":"https:\/\/www.latelierdemooo.fr\/?post_type=product&#038;p=236"},"modified":"2026-02-15T15:07:19","modified_gmt":"2026-02-15T14:07:19","slug":"boite-en-gres-chamotte-emaille-beige-a-effets","status":"publish","type":"product","link":"https:\/\/www.latelierdemooo.fr\/?product=boite-en-gres-chamotte-emaille-beige-a-effets","title":{"rendered":"Bo\u00eete en Gr\u00e8s Chamott\u00e9 \u00c9maill\u00e9 Beige \u00e0 Effets"},"content":{"rendered":"<p>Cette bo\u00eete en gr\u00e8s blanc, de dimensions compactes, se distingue par sa texture et ses effets visuels captivants. Mesurant 12 cm de long, 11 cm de haut et 4,5 cm de profondeur, elle s&rsquo;int\u00e8gre facilement dans tout espace, ajoutant une touche sophistiqu\u00e9e et organique. Le choix du gr\u00e8s chamott\u00e9, avec une chamotte de 0,5, conf\u00e8re \u00e0 la pi\u00e8ce une robustesse et une durabilit\u00e9 exceptionnelles, tout en r\u00e9v\u00e9lant une riche texture granuleuse.<\/p>\n<p>La surface de la bo\u00eete est recouverte d&rsquo;un \u00e9mail beige \u00e0 effets, apportant des nuances subtiles de couleur et un \u00e9clat raffin\u00e9. Cet \u00e9mail transforme la surface en une toile dynamique, o\u00f9 la lumi\u00e8re joue d\u00e9licatement, accentuant les motifs sculpt\u00e9s sur le couvercle. Ces motifs, organiques et abstraits, \u00e9voquent des formes naturelles, ajoutant une dimension visuelle intrigante.<\/p>\n<p>Le couvercle, travaill\u00e9e avec pr\u00e9cision, \u00e9pouse parfaitement la base, assurant \u00e0 la fois esth\u00e9tique et fonctionnalit\u00e9. Cette \u0153uvre pourrait servir de contenant pour des bijoux pr\u00e9cieux, des tr\u00e9sors personnels ou simplement comme pi\u00e8ce d\u00e9corative sur un meuble. Son design s&rsquo;adapte \u00e0 divers environnements, du contemporain au traditionnel, fonctionnant ais\u00e9ment comme point focal ou comme compl\u00e9ment subtil.<\/p>\n","protected":false},"excerpt":{"rendered":"<p>D\u00e9couvrez la bo\u00eete en gr\u00e8s chamott\u00e9 \u00e9maill\u00e9 beige \u00e0 effets, une pi\u00e8ce \u00e0 la fois robuste et d\u00e9licate, id\u00e9ale pour embellir votre espace avec son design textur\u00e9 et ses motifs inspir\u00e9s de la nature. <\/p>\n","protected":false},"featured_media":240,"template":"","meta":{"ocean_post_layout":"","ocean_both_sidebars_style":"","ocean_both_sidebars_content_width":0,"ocean_both_sidebars_sidebars_width":0,"ocean_sidebar":"0","ocean_second_sidebar":"0","ocean_disable_margins":"enable","ocean_add_body_class":"","ocean_shortcode_before_top_bar":"","ocean_shortcode_after_top_bar":"","ocean_shortcode_before_header":"","ocean_shortcode_after_header":"","ocean_has_shortcode":"","ocean_shortcode_after_title":"","ocean_shortcode_before_footer_widgets":"","ocean_shortcode_after_footer_widgets":"","ocean_shortcode_before_footer_bottom":"","ocean_shortcode_after_footer_bottom":"","ocean_display_top_bar":"default","ocean_display_header":"default","ocean_header_style":"","ocean_center_header_left_menu":"0","ocean_custom_header_template":"0","ocean_custom_logo":243,"ocean_custom_retina_logo":0,"ocean_custom_logo_max_width":0,"ocean_custom_logo_tablet_max_width":0,"ocean_custom_logo_mobile_max_width":0,"ocean_custom_logo_max_height":0,"ocean_custom_logo_tablet_max_height":0,"ocean_custom_logo_mobile_max_height":0,"ocean_header_custom_menu":"0","ocean_menu_typo_font_family":"0","ocean_menu_typo_font_subset":"","ocean_menu_typo_font_size":0,"ocean_menu_typo_font_size_tablet":0,"ocean_menu_typo_font_size_mobile":0,"ocean_menu_typo_font_size_unit":"px","ocean_menu_typo_font_weight":"","ocean_menu_typo_font_weight_tablet":"","ocean_menu_typo_font_weight_mobile":"","ocean_menu_typo_transform":"","ocean_menu_typo_transform_tablet":"","ocean_menu_typo_transform_mobile":"","ocean_menu_typo_line_height":0,"ocean_menu_typo_line_height_tablet":0,"ocean_menu_typo_line_height_mobile":0,"ocean_menu_typo_line_height_unit":"","ocean_menu_typo_spacing":0,"ocean_menu_typo_spacing_tablet":0,"ocean_menu_typo_spacing_mobile":0,"ocean_menu_typo_spacing_unit":"","ocean_menu_link_color":"","ocean_menu_link_color_hover":"","ocean_menu_link_color_active":"","ocean_menu_link_background":"","ocean_menu_link_hover_background":"","ocean_menu_link_active_background":"","ocean_menu_social_links_bg":"","ocean_menu_social_hover_links_bg":"","ocean_menu_social_links_color":"","ocean_menu_social_hover_links_color":"","ocean_disable_title":"default","ocean_disable_heading":"default","ocean_post_title":"","ocean_post_subheading":"","ocean_post_title_style":"","ocean_post_title_background_color":"","ocean_post_title_background":0,"ocean_post_title_bg_image_position":"","ocean_post_title_bg_image_attachment":"","ocean_post_title_bg_image_repeat":"","ocean_post_title_bg_image_size":"","ocean_post_title_height":0,"ocean_post_title_bg_overlay":0.5,"ocean_post_title_bg_overlay_color":"","ocean_disable_breadcrumbs":"default","ocean_breadcrumbs_color":"","ocean_breadcrumbs_separator_color":"","ocean_breadcrumbs_links_color":"","ocean_breadcrumbs_links_hover_color":"","ocean_display_footer_widgets":"default","ocean_display_footer_bottom":"default","ocean_custom_footer_template":"0"},"product_brand":[],"product_cat":[21],"product_tag":[],"class_list":{"0":"post-236","1":"product","2":"type-product","3":"status-publish","4":"has-post-thumbnail","6":"product_cat-boites_vases","8":"entry","9":"has-media","11":"first","12":"instock","13":"shipping-taxable","14":"purchasable","15":"product-type-simple","16":"has-product-nav","17":"col","18":"span_1_of_3","19":"owp-content-center","20":"owp-thumbs-layout-horizontal","21":"owp-btn-normal","22":"owp-tabs-layout-horizontal"},"_links":{"self":[{"href":"https:\/\/www.latelierdemooo.fr\/index.php?rest_route=\/wp\/v2\/product\/236","targetHints":{"allow":["GET"]}}],"collection":[{"href":"https:\/\/www.latelierdemooo.fr\/index.php?rest_route=\/wp\/v2\/product"}],"about":[{"href":"https:\/\/www.latelierdemooo.fr\/index.php?rest_route=\/wp\/v2\/types\/product"}],"wp:featuredmedia":[{"embeddable":true,"href":"https:\/\/www.latelierdemooo.fr\/index.php?rest_route=\/wp\/v2\/media\/240"}],"wp:attachment":[{"href":"https:\/\/www.latelierdemooo.fr\/index.php?rest_route=%2Fwp%2Fv2%2Fmedia&parent=236"}],"wp:term":[{"taxonomy":"product_brand","embeddable":true,"href":"https:\/\/www.latelierdemooo.fr\/index.php?rest_route=%2Fwp%2Fv2%2Fproduct_brand&post=236"},{"taxonomy":"product_cat","embeddable":true,"href":"https:\/\/www.latelierdemooo.fr\/index.php?rest_route=%2Fwp%2Fv2%2Fproduct_cat&post=236"},{"taxonomy":"product_tag","embeddable":true,"href":"https:\/\/www.latelierdemooo.fr\/index.php?rest_route=%2Fwp%2Fv2%2Fproduct_tag&post=236"}],"curies":[{"name":"wp","href":"https:\/\/api.w.org\/{rel}","templated":true}]}}