{"id":263,"date":"2026-02-09T17:36:35","date_gmt":"2026-02-09T16:36:35","guid":{"rendered":"https:\/\/www.latelierdemooo.fr\/?post_type=product&#038;p=263"},"modified":"2026-02-15T14:41:33","modified_gmt":"2026-02-15T13:41:33","slug":"boite-triangulaire-en-gres-blanc-chamotte-emaillee-raku","status":"publish","type":"product","link":"https:\/\/www.latelierdemooo.fr\/?product=boite-triangulaire-en-gres-blanc-chamotte-emaillee-raku","title":{"rendered":"Bo\u00eete triangulaire en gr\u00e8s blanc chamott\u00e9 \u00e9maill\u00e9e raku"},"content":{"rendered":"<p>Cette pi\u00e8ce unique en gr\u00e8s chamott\u00e9 est une \u0153uvre ench\u00e2ssant tradition et modernit\u00e9 avec finesse. Mesurant 18 cm de cot\u00e9 pour 10 cm de hauteur, elle incarne un \u00e9quilibre parfait entre la forme et la fonction. L&rsquo;utilisation du gr\u00e8s blanc chamott\u00e9 apporte une texture brute et naturelle, tandis que l&rsquo;\u00e9maillage raku ajoute une dimension esth\u00e9tique fascinante, avec ses craquelures distinctes et ses reflets iris\u00e9s. <\/p>\n<p>Le charme distinctif du raku se manifeste par une finition que seul le feu peut sculpter, r\u00e9sultant en une pi\u00e8ce semblant presque vivante, captiv\u00e9e dans son dernier souffle de cuisson. La surface de la bo\u00eete raconte l&rsquo;histoire d&rsquo;une danse entre terre, feu et air, typique de cette technique ancestrale japonaise. Le couvercle, orn\u00e9 d&rsquo;une subtile spirale, quant \u00e0 lui, \u00e9vocateur d&rsquo;une vague ou d&rsquo;un cycle sans fin, donne \u00e0 l&rsquo;objet un aspect \u00e0 la fois mystique et contemporain.<\/p>\n<p>Cette bo\u00eete est non seulement un r\u00e9cipient fonctionnel, mais aussi un t\u00e9moin de l&rsquo;art c\u00e9ramique qui d\u00e9fie le temps. Parfaite pour les amateurs d&rsquo;art et de traditions ancestrales, elle apporte une touche d&rsquo;\u00e9l\u00e9gance et d&rsquo;exotisme \u00e0 tout environnement int\u00e9rieur. Cette cr\u00e9ation trouve ais\u00e9ment sa place sur un socle en bois sombre pour sublimer son caract\u00e8re authentique et sa beaut\u00e9 intemporelle.<\/p>\n","protected":false},"excerpt":{"rendered":"<p>Bo\u00eete triangulaire en gr\u00e8s blanc chamott\u00e9, \u00e9maill\u00e9e raku, aux dimensions de 18cm de c\u00f4t\u00e9 et 10cm de hauteur. Une \u0153uvre alliant l&rsquo;art c\u00e9ramique traditionnel et le design moderne, id\u00e9ale pour tout int\u00e9rieur raffin\u00e9.<\/p>\n","protected":false},"featured_media":265,"template":"","meta":{"ocean_post_layout":"","ocean_both_sidebars_style":"","ocean_both_sidebars_content_width":0,"ocean_both_sidebars_sidebars_width":0,"ocean_sidebar":"0","ocean_second_sidebar":"0","ocean_disable_margins":"enable","ocean_add_body_class":"","ocean_shortcode_before_top_bar":"","ocean_shortcode_after_top_bar":"","ocean_shortcode_before_header":"","ocean_shortcode_after_header":"","ocean_has_shortcode":"","ocean_shortcode_after_title":"","ocean_shortcode_before_footer_widgets":"","ocean_shortcode_after_footer_widgets":"","ocean_shortcode_before_footer_bottom":"","ocean_shortcode_after_footer_bottom":"","ocean_display_top_bar":"default","ocean_display_header":"default","ocean_header_style":"","ocean_center_header_left_menu":"0","ocean_custom_header_template":"0","ocean_custom_logo":264,"ocean_custom_retina_logo":0,"ocean_custom_logo_max_width":0,"ocean_custom_logo_tablet_max_width":0,"ocean_custom_logo_mobile_max_width":0,"ocean_custom_logo_max_height":0,"ocean_custom_logo_tablet_max_height":0,"ocean_custom_logo_mobile_max_height":0,"ocean_header_custom_menu":"0","ocean_menu_typo_font_family":"0","ocean_menu_typo_font_subset":"","ocean_menu_typo_font_size":0,"ocean_menu_typo_font_size_tablet":0,"ocean_menu_typo_font_size_mobile":0,"ocean_menu_typo_font_size_unit":"px","ocean_menu_typo_font_weight":"","ocean_menu_typo_font_weight_tablet":"","ocean_menu_typo_font_weight_mobile":"","ocean_menu_typo_transform":"","ocean_menu_typo_transform_tablet":"","ocean_menu_typo_transform_mobile":"","ocean_menu_typo_line_height":0,"ocean_menu_typo_line_height_tablet":0,"ocean_menu_typo_line_height_mobile":0,"ocean_menu_typo_line_height_unit":"","ocean_menu_typo_spacing":0,"ocean_menu_typo_spacing_tablet":0,"ocean_menu_typo_spacing_mobile":0,"ocean_menu_typo_spacing_unit":"","ocean_menu_link_color":"","ocean_menu_link_color_hover":"","ocean_menu_link_color_active":"","ocean_menu_link_background":"","ocean_menu_link_hover_background":"","ocean_menu_link_active_background":"","ocean_menu_social_links_bg":"","ocean_menu_social_hover_links_bg":"","ocean_menu_social_links_color":"","ocean_menu_social_hover_links_color":"","ocean_disable_title":"default","ocean_disable_heading":"default","ocean_post_title":"","ocean_post_subheading":"","ocean_post_title_style":"","ocean_post_title_background_color":"","ocean_post_title_background":0,"ocean_post_title_bg_image_position":"","ocean_post_title_bg_image_attachment":"","ocean_post_title_bg_image_repeat":"","ocean_post_title_bg_image_size":"","ocean_post_title_height":0,"ocean_post_title_bg_overlay":0.5,"ocean_post_title_bg_overlay_color":"","ocean_disable_breadcrumbs":"default","ocean_breadcrumbs_color":"","ocean_breadcrumbs_separator_color":"","ocean_breadcrumbs_links_color":"","ocean_breadcrumbs_links_hover_color":"","ocean_display_footer_widgets":"default","ocean_display_footer_bottom":"default","ocean_custom_footer_template":"0"},"product_brand":[],"product_cat":[21],"product_tag":[],"class_list":{"0":"post-263","1":"product","2":"type-product","3":"status-publish","4":"has-post-thumbnail","6":"product_cat-boites_vases","8":"entry","9":"has-media","11":"first","12":"instock","13":"shipping-taxable","14":"purchasable","15":"product-type-simple","16":"has-product-nav","17":"col","18":"span_1_of_3","19":"owp-content-center","20":"owp-thumbs-layout-horizontal","21":"owp-btn-normal","22":"owp-tabs-layout-horizontal"},"_links":{"self":[{"href":"https:\/\/www.latelierdemooo.fr\/index.php?rest_route=\/wp\/v2\/product\/263","targetHints":{"allow":["GET"]}}],"collection":[{"href":"https:\/\/www.latelierdemooo.fr\/index.php?rest_route=\/wp\/v2\/product"}],"about":[{"href":"https:\/\/www.latelierdemooo.fr\/index.php?rest_route=\/wp\/v2\/types\/product"}],"wp:featuredmedia":[{"embeddable":true,"href":"https:\/\/www.latelierdemooo.fr\/index.php?rest_route=\/wp\/v2\/media\/265"}],"wp:attachment":[{"href":"https:\/\/www.latelierdemooo.fr\/index.php?rest_route=%2Fwp%2Fv2%2Fmedia&parent=263"}],"wp:term":[{"taxonomy":"product_brand","embeddable":true,"href":"https:\/\/www.latelierdemooo.fr\/index.php?rest_route=%2Fwp%2Fv2%2Fproduct_brand&post=263"},{"taxonomy":"product_cat","embeddable":true,"href":"https:\/\/www.latelierdemooo.fr\/index.php?rest_route=%2Fwp%2Fv2%2Fproduct_cat&post=263"},{"taxonomy":"product_tag","embeddable":true,"href":"https:\/\/www.latelierdemooo.fr\/index.php?rest_route=%2Fwp%2Fv2%2Fproduct_tag&post=263"}],"curies":[{"name":"wp","href":"https:\/\/api.w.org\/{rel}","templated":true}]}}