{"id":287,"date":"2026-02-10T09:19:11","date_gmt":"2026-02-10T08:19:11","guid":{"rendered":"https:\/\/www.latelierdemooo.fr\/?post_type=product&#038;p=287"},"modified":"2026-02-10T09:19:16","modified_gmt":"2026-02-10T08:19:16","slug":"pomme-en-gres-noir-chamotte","status":"publish","type":"product","link":"https:\/\/www.latelierdemooo.fr\/?product=pomme-en-gres-noir-chamotte","title":{"rendered":"Pomme en Gr\u00e8s Noir Chamott\u00e9"},"content":{"rendered":"<p>\u00c9voquant avec charme la beaut\u00e9 intemporelle d&rsquo;une pomme, cette bo\u00eete en <strong>gr\u00e8s noir chamott\u00e9<\/strong> est une \u0153uvre d&rsquo;art qui captive par sa simplicit\u00e9 et sa sophistication. Mesurant 11 cm de diam\u00e8tre et 12 cm de hauteur, elle est parfaitement proportionn\u00e9e pour orner n&rsquo;importe quel espace avec \u00e9l\u00e9gance. Son allure rouge \u00e9maill\u00e9 luit d&rsquo;une intensit\u00e9 vibrante, contrastant avec les feuilles vertes d\u00e9licatement pos\u00e9es sur son sommet, signifiant une fra\u00eecheur \u00e9ternelle.<\/p>\n<h3>Technique et Mat\u00e9riaux<\/h3>\n<p>La fabrication en gr\u00e8s chamott\u00e9 assure une texture robuste, combinant tradition et modernit\u00e9. L\u2019\u00e9maillage rouge apporte une finition lisse et brillante, tandis que le contraste avec les feuilles vertes en fait une pi\u00e8ce captivante et unique.<\/p>\n<h3>Symbolisme et Esth\u00e9tique<\/h3>\n<p>Cette bo\u00eete, au-del\u00e0 de sa fonction utilitaire, repr\u00e9sente un symbole de fertilit\u00e9 et de connaissance. Sa forme de pomme sugg\u00e8re une abondance naturelle, la rendant id\u00e9ale pour un usage d\u00e9coratif mais aussi pratique, pour ranger des petits tr\u00e9sors ou des souvenirs pr\u00e9cieux.<\/p>\n<h3>Pr\u00e9sentation et Usage<\/h3>\n<p>Que ce soit sur une \u00e9tag\u00e8re visible, une table basse, ou dans une vitrine, son design en forme de fruit attire le regard et raconte une histoire de nature rencontrant le sens artistique. C\u2019est un cadeau parfait pour les amateurs de c\u00e9ramique et les collectionneurs d\u2019objets singuliers.<\/p>\n","protected":false},"excerpt":{"rendered":"<p>D\u00e9couvrez cette bo\u00eete en gr\u00e8s noir chamott\u00e9, \u00e9maill\u00e9e rouge avec des feuilles vertes, incarnant la beaut\u00e9 d&rsquo;une pomme. Parfait pour la d\u00e9coration ou la collection, elle allie tradition et modernit\u00e9. <\/p>\n","protected":false},"featured_media":289,"template":"","meta":{"ocean_post_layout":"","ocean_both_sidebars_style":"","ocean_both_sidebars_content_width":0,"ocean_both_sidebars_sidebars_width":0,"ocean_sidebar":"0","ocean_second_sidebar":"0","ocean_disable_margins":"enable","ocean_add_body_class":"","ocean_shortcode_before_top_bar":"","ocean_shortcode_after_top_bar":"","ocean_shortcode_before_header":"","ocean_shortcode_after_header":"","ocean_has_shortcode":"","ocean_shortcode_after_title":"","ocean_shortcode_before_footer_widgets":"","ocean_shortcode_after_footer_widgets":"","ocean_shortcode_before_footer_bottom":"","ocean_shortcode_after_footer_bottom":"","ocean_display_top_bar":"default","ocean_display_header":"default","ocean_header_style":"","ocean_center_header_left_menu":"0","ocean_custom_header_template":"0","ocean_custom_logo":288,"ocean_custom_retina_logo":0,"ocean_custom_logo_max_width":0,"ocean_custom_logo_tablet_max_width":0,"ocean_custom_logo_mobile_max_width":0,"ocean_custom_logo_max_height":0,"ocean_custom_logo_tablet_max_height":0,"ocean_custom_logo_mobile_max_height":0,"ocean_header_custom_menu":"0","ocean_menu_typo_font_family":"0","ocean_menu_typo_font_subset":"","ocean_menu_typo_font_size":0,"ocean_menu_typo_font_size_tablet":0,"ocean_menu_typo_font_size_mobile":0,"ocean_menu_typo_font_size_unit":"px","ocean_menu_typo_font_weight":"","ocean_menu_typo_font_weight_tablet":"","ocean_menu_typo_font_weight_mobile":"","ocean_menu_typo_transform":"","ocean_menu_typo_transform_tablet":"","ocean_menu_typo_transform_mobile":"","ocean_menu_typo_line_height":0,"ocean_menu_typo_line_height_tablet":0,"ocean_menu_typo_line_height_mobile":0,"ocean_menu_typo_line_height_unit":"","ocean_menu_typo_spacing":0,"ocean_menu_typo_spacing_tablet":0,"ocean_menu_typo_spacing_mobile":0,"ocean_menu_typo_spacing_unit":"","ocean_menu_link_color":"","ocean_menu_link_color_hover":"","ocean_menu_link_color_active":"","ocean_menu_link_background":"","ocean_menu_link_hover_background":"","ocean_menu_link_active_background":"","ocean_menu_social_links_bg":"","ocean_menu_social_hover_links_bg":"","ocean_menu_social_links_color":"","ocean_menu_social_hover_links_color":"","ocean_disable_title":"default","ocean_disable_heading":"default","ocean_post_title":"","ocean_post_subheading":"","ocean_post_title_style":"","ocean_post_title_background_color":"","ocean_post_title_background":0,"ocean_post_title_bg_image_position":"","ocean_post_title_bg_image_attachment":"","ocean_post_title_bg_image_repeat":"","ocean_post_title_bg_image_size":"","ocean_post_title_height":0,"ocean_post_title_bg_overlay":0.5,"ocean_post_title_bg_overlay_color":"","ocean_disable_breadcrumbs":"default","ocean_breadcrumbs_color":"","ocean_breadcrumbs_separator_color":"","ocean_breadcrumbs_links_color":"","ocean_breadcrumbs_links_hover_color":"","ocean_display_footer_widgets":"default","ocean_display_footer_bottom":"default","ocean_custom_footer_template":"0"},"product_brand":[],"product_cat":[21],"product_tag":[],"class_list":{"0":"post-287","1":"product","2":"type-product","3":"status-publish","4":"has-post-thumbnail","6":"product_cat-boites_vases","8":"entry","9":"has-media","11":"first","12":"instock","13":"shipping-taxable","14":"purchasable","15":"product-type-simple","16":"has-product-nav","17":"col","18":"span_1_of_3","19":"owp-content-center","20":"owp-thumbs-layout-horizontal","21":"owp-btn-normal","22":"owp-tabs-layout-horizontal"},"_links":{"self":[{"href":"https:\/\/www.latelierdemooo.fr\/index.php?rest_route=\/wp\/v2\/product\/287","targetHints":{"allow":["GET"]}}],"collection":[{"href":"https:\/\/www.latelierdemooo.fr\/index.php?rest_route=\/wp\/v2\/product"}],"about":[{"href":"https:\/\/www.latelierdemooo.fr\/index.php?rest_route=\/wp\/v2\/types\/product"}],"wp:featuredmedia":[{"embeddable":true,"href":"https:\/\/www.latelierdemooo.fr\/index.php?rest_route=\/wp\/v2\/media\/289"}],"wp:attachment":[{"href":"https:\/\/www.latelierdemooo.fr\/index.php?rest_route=%2Fwp%2Fv2%2Fmedia&parent=287"}],"wp:term":[{"taxonomy":"product_brand","embeddable":true,"href":"https:\/\/www.latelierdemooo.fr\/index.php?rest_route=%2Fwp%2Fv2%2Fproduct_brand&post=287"},{"taxonomy":"product_cat","embeddable":true,"href":"https:\/\/www.latelierdemooo.fr\/index.php?rest_route=%2Fwp%2Fv2%2Fproduct_cat&post=287"},{"taxonomy":"product_tag","embeddable":true,"href":"https:\/\/www.latelierdemooo.fr\/index.php?rest_route=%2Fwp%2Fv2%2Fproduct_tag&post=287"}],"curies":[{"name":"wp","href":"https:\/\/api.w.org\/{rel}","templated":true}]}}