{"id":303,"date":"2026-02-10T09:41:34","date_gmt":"2026-02-10T08:41:34","guid":{"rendered":"https:\/\/www.latelierdemooo.fr\/?post_type=product&#038;p=303"},"modified":"2026-02-15T14:59:52","modified_gmt":"2026-02-15T13:59:52","slug":"vase-en-gres-blanc-chamotte-emaille-bleu-de-sevre","status":"publish","type":"product","link":"https:\/\/www.latelierdemooo.fr\/?product=vase-en-gres-blanc-chamotte-emaille-bleu-de-sevre","title":{"rendered":"Vase en Gr\u00e8s Blanc Chamott\u00e9 Emaill\u00e9 Bleu de S\u00e8vre"},"content":{"rendered":"<p>Ce vase en gr\u00e8s blanc chamott\u00e9 incarne l&rsquo;esth\u00e9tique pure et brute de l&rsquo;artisanat japonais ancien gr\u00e2ce \u00e0 sa technique de fa\u00e7onnage kurinuki. Le kurinuki, m\u00e9thode de sculpture consistant \u00e0 fa\u00e7onner une pi\u00e8ce \u00e0 partir d&rsquo;un bloc unique puis \u00e9vid\u00e9, r\u00e9v\u00e8le une surface aux reliefs irr\u00e9guliers et organiques, offrant \u00e0 chaque regard une nouvelle perspective. Le diam\u00e8tre de ce vase est de 14 cm, tandis qu&rsquo;il s&rsquo;\u00e9l\u00e8ve \u00e0 une hauteur de 6 cm, se pr\u00eatant ainsi id\u00e9alement \u00e0 accueillir des petites compositions florales ou \u00e0 \u00eatre expos\u00e9 en tant qu&rsquo;\u0153uvre d&rsquo;art \u00e0 part enti\u00e8re.<\/p>\n<p>Le choix de l&rsquo;\u00e9maillage bleu de S\u00e8vres ajoute une dimension suppl\u00e9mentaire \u00e0 cette pi\u00e8ce, mariant tradition et modernit\u00e9. Ce bleu profond, presque velout\u00e9, attire l&rsquo;\u0153il et contraste superbement avec la texture audacieuse de la surface, cr\u00e9ant un jeu subtil de lumi\u00e8re et d&rsquo;ombre. Le gr\u00e8s chamott\u00e9, par sa robustesse apporte une assise rassurante et un poids chaleureux \u00e0 l&rsquo;\u0153uvre, garantissant sa durabilit\u00e9 au fil du temps.<\/p>\n<p>Chaque courbe, chaque creux raconte une histoire de cr\u00e9ation m\u00e9thodique et de respect pour les mat\u00e9riaux naturels. Ce vase en gr\u00e8s, par son minimalisme et sa sophistication artisanale, s&rsquo;adresse aux amateurs d&rsquo;art et collectionneurs qui appr\u00e9cient la beaut\u00e9 des objets narratifs. Parfait pour un coin inspirant de votre maison ou un espace d&rsquo;exposition moderne, ce vase est une c\u00e9l\u00e9bration du savoir-faire et de l&rsquo;art ind\u00e9modable.<\/p>\n","protected":false},"excerpt":{"rendered":"<p>D\u00e9couvrez l&rsquo;\u00e9l\u00e9gance naturelle du vase en gr\u00e8s blanc chamott\u00e9, fa\u00e7onn\u00e9 selon la technique kurinuki et \u00e9maill\u00e9 d&rsquo;un bleu de S\u00e8vres profond. Avec son diam\u00e8tre de 14 cm et sa hauteur de 6 cm, il incarne la parfaite alliance de la tradition artisanale et d&rsquo;une esth\u00e9tique moderne.<\/p>\n","protected":false},"featured_media":305,"template":"","meta":{"ocean_post_layout":"","ocean_both_sidebars_style":"","ocean_both_sidebars_content_width":0,"ocean_both_sidebars_sidebars_width":0,"ocean_sidebar":"0","ocean_second_sidebar":"0","ocean_disable_margins":"enable","ocean_add_body_class":"","ocean_shortcode_before_top_bar":"","ocean_shortcode_after_top_bar":"","ocean_shortcode_before_header":"","ocean_shortcode_after_header":"","ocean_has_shortcode":"","ocean_shortcode_after_title":"","ocean_shortcode_before_footer_widgets":"","ocean_shortcode_after_footer_widgets":"","ocean_shortcode_before_footer_bottom":"","ocean_shortcode_after_footer_bottom":"","ocean_display_top_bar":"default","ocean_display_header":"default","ocean_header_style":"","ocean_center_header_left_menu":"0","ocean_custom_header_template":"0","ocean_custom_logo":304,"ocean_custom_retina_logo":0,"ocean_custom_logo_max_width":0,"ocean_custom_logo_tablet_max_width":0,"ocean_custom_logo_mobile_max_width":0,"ocean_custom_logo_max_height":0,"ocean_custom_logo_tablet_max_height":0,"ocean_custom_logo_mobile_max_height":0,"ocean_header_custom_menu":"0","ocean_menu_typo_font_family":"0","ocean_menu_typo_font_subset":"","ocean_menu_typo_font_size":0,"ocean_menu_typo_font_size_tablet":0,"ocean_menu_typo_font_size_mobile":0,"ocean_menu_typo_font_size_unit":"px","ocean_menu_typo_font_weight":"","ocean_menu_typo_font_weight_tablet":"","ocean_menu_typo_font_weight_mobile":"","ocean_menu_typo_transform":"","ocean_menu_typo_transform_tablet":"","ocean_menu_typo_transform_mobile":"","ocean_menu_typo_line_height":0,"ocean_menu_typo_line_height_tablet":0,"ocean_menu_typo_line_height_mobile":0,"ocean_menu_typo_line_height_unit":"","ocean_menu_typo_spacing":0,"ocean_menu_typo_spacing_tablet":0,"ocean_menu_typo_spacing_mobile":0,"ocean_menu_typo_spacing_unit":"","ocean_menu_link_color":"","ocean_menu_link_color_hover":"","ocean_menu_link_color_active":"","ocean_menu_link_background":"","ocean_menu_link_hover_background":"","ocean_menu_link_active_background":"","ocean_menu_social_links_bg":"","ocean_menu_social_hover_links_bg":"","ocean_menu_social_links_color":"","ocean_menu_social_hover_links_color":"","ocean_disable_title":"default","ocean_disable_heading":"default","ocean_post_title":"","ocean_post_subheading":"","ocean_post_title_style":"","ocean_post_title_background_color":"","ocean_post_title_background":0,"ocean_post_title_bg_image_position":"","ocean_post_title_bg_image_attachment":"","ocean_post_title_bg_image_repeat":"","ocean_post_title_bg_image_size":"","ocean_post_title_height":0,"ocean_post_title_bg_overlay":0.5,"ocean_post_title_bg_overlay_color":"","ocean_disable_breadcrumbs":"default","ocean_breadcrumbs_color":"","ocean_breadcrumbs_separator_color":"","ocean_breadcrumbs_links_color":"","ocean_breadcrumbs_links_hover_color":"","ocean_display_footer_widgets":"default","ocean_display_footer_bottom":"default","ocean_custom_footer_template":"0"},"product_brand":[],"product_cat":[21],"product_tag":[],"class_list":{"0":"post-303","1":"product","2":"type-product","3":"status-publish","4":"has-post-thumbnail","6":"product_cat-boites_vases","8":"entry","9":"has-media","11":"first","12":"instock","13":"shipping-taxable","14":"purchasable","15":"product-type-simple","16":"has-product-nav","17":"col","18":"span_1_of_3","19":"owp-content-center","20":"owp-thumbs-layout-horizontal","21":"owp-btn-normal","22":"owp-tabs-layout-horizontal"},"_links":{"self":[{"href":"https:\/\/www.latelierdemooo.fr\/index.php?rest_route=\/wp\/v2\/product\/303","targetHints":{"allow":["GET"]}}],"collection":[{"href":"https:\/\/www.latelierdemooo.fr\/index.php?rest_route=\/wp\/v2\/product"}],"about":[{"href":"https:\/\/www.latelierdemooo.fr\/index.php?rest_route=\/wp\/v2\/types\/product"}],"wp:featuredmedia":[{"embeddable":true,"href":"https:\/\/www.latelierdemooo.fr\/index.php?rest_route=\/wp\/v2\/media\/305"}],"wp:attachment":[{"href":"https:\/\/www.latelierdemooo.fr\/index.php?rest_route=%2Fwp%2Fv2%2Fmedia&parent=303"}],"wp:term":[{"taxonomy":"product_brand","embeddable":true,"href":"https:\/\/www.latelierdemooo.fr\/index.php?rest_route=%2Fwp%2Fv2%2Fproduct_brand&post=303"},{"taxonomy":"product_cat","embeddable":true,"href":"https:\/\/www.latelierdemooo.fr\/index.php?rest_route=%2Fwp%2Fv2%2Fproduct_cat&post=303"},{"taxonomy":"product_tag","embeddable":true,"href":"https:\/\/www.latelierdemooo.fr\/index.php?rest_route=%2Fwp%2Fv2%2Fproduct_tag&post=303"}],"curies":[{"name":"wp","href":"https:\/\/api.w.org\/{rel}","templated":true}]}}