{"id":314,"date":"2026-02-12T09:36:43","date_gmt":"2026-02-12T08:36:43","guid":{"rendered":"https:\/\/www.latelierdemooo.fr\/?post_type=product&#038;p=314"},"modified":"2026-02-12T11:47:55","modified_gmt":"2026-02-12T10:47:55","slug":"vase-a-bec-en-gres-noir-chamotte","status":"publish","type":"product","link":"https:\/\/www.latelierdemooo.fr\/?product=vase-a-bec-en-gres-noir-chamotte","title":{"rendered":"Vase \u00e0 Bec en Gr\u00e8s Noir Chamott\u00e9"},"content":{"rendered":"<p>Ce vase \u00e0 bec est une \u0153uvre remarquable, alliant la puissance du <strong>gr\u00e8s noir chamott\u00e9<\/strong> \u00e0 la d\u00e9licatesse des \u00e9maux transparents et bleus de S\u00e8vres. Avec ses dimensions \u00e9quilibr\u00e9es de <strong>18 cm de hauteur<\/strong> et <strong>8 cm de diam\u00e8tre<\/strong>, il s&rsquo;inscrit parfaitement dans un espace contemporain ou traditionnel, ajoutant une touche de myst\u00e8re et d&rsquo;\u00e9l\u00e9gance. La texture granuleuse du gr\u00e8s contraste magnifiquement avec la surface lisse et brillante de l&rsquo;\u00e9mail, cr\u00e9ant un dialogue visuel captivant.<\/p>\n<p>L&rsquo;\u00e9mail bleu de S\u00e8vres offre une profondeur et une richesse qui \u00e9voquent les vastes \u00e9tendues oc\u00e9aniques, tandis que la transparence de l&rsquo;\u00e9mail apporte des reflets lumineux, jouant avec la lumi\u00e8re ambiante pour animer subtilement la surface du vase. Le bec \u00e9lanc\u00e9, \u00e0 la silhouette unique, conf\u00e8re \u00e0 cet objet une personnalit\u00e9 distincte, rappelant les formes naturelles et organiques.<\/p>\n<p>Ce vase n&rsquo;est pas seulement une pi\u00e8ce fonctionnelle mais \u00e9galement une \u0153uvre d&rsquo;art, id\u00e9ale pour exposer une s\u00e9lection florale \u00e9pur\u00e9e. Pos\u00e9 sur un socle en bois ou sur une \u00e9tag\u00e8re minimaliste, il devient le point focal de tout ensemble d\u00e9coratif. La technique de fabrication, alliant tradition et innovation, r\u00e9v\u00e8le une ma\u00eetrise parfaite de la c\u00e9ramique et une sensibilit\u00e9 artistique ind\u00e9niable.<\/p>\n","protected":false},"excerpt":{"rendered":"<p>D\u00e9couvrez ce vase \u00e0 bec en gr\u00e8s noir chamott\u00e9, \u00e9maill\u00e9 transparent et bleu de S\u00e8vres. Un \u00e9quilibre parfait entre texture brute et d\u00e9licatesse \u00e9maill\u00e9e, id\u00e9ale pour une d\u00e9coration chic et contemporaine.<\/p>\n","protected":false},"featured_media":388,"template":"","meta":{"ocean_post_layout":"","ocean_both_sidebars_style":"","ocean_both_sidebars_content_width":0,"ocean_both_sidebars_sidebars_width":0,"ocean_sidebar":"0","ocean_second_sidebar":"0","ocean_disable_margins":"enable","ocean_add_body_class":"","ocean_shortcode_before_top_bar":"","ocean_shortcode_after_top_bar":"","ocean_shortcode_before_header":"","ocean_shortcode_after_header":"","ocean_has_shortcode":"","ocean_shortcode_after_title":"","ocean_shortcode_before_footer_widgets":"","ocean_shortcode_after_footer_widgets":"","ocean_shortcode_before_footer_bottom":"","ocean_shortcode_after_footer_bottom":"","ocean_display_top_bar":"default","ocean_display_header":"default","ocean_header_style":"","ocean_center_header_left_menu":"0","ocean_custom_header_template":"0","ocean_custom_logo":389,"ocean_custom_retina_logo":0,"ocean_custom_logo_max_width":0,"ocean_custom_logo_tablet_max_width":0,"ocean_custom_logo_mobile_max_width":0,"ocean_custom_logo_max_height":0,"ocean_custom_logo_tablet_max_height":0,"ocean_custom_logo_mobile_max_height":0,"ocean_header_custom_menu":"0","ocean_menu_typo_font_family":"0","ocean_menu_typo_font_subset":"","ocean_menu_typo_font_size":0,"ocean_menu_typo_font_size_tablet":0,"ocean_menu_typo_font_size_mobile":0,"ocean_menu_typo_font_size_unit":"px","ocean_menu_typo_font_weight":"","ocean_menu_typo_font_weight_tablet":"","ocean_menu_typo_font_weight_mobile":"","ocean_menu_typo_transform":"","ocean_menu_typo_transform_tablet":"","ocean_menu_typo_transform_mobile":"","ocean_menu_typo_line_height":0,"ocean_menu_typo_line_height_tablet":0,"ocean_menu_typo_line_height_mobile":0,"ocean_menu_typo_line_height_unit":"","ocean_menu_typo_spacing":0,"ocean_menu_typo_spacing_tablet":0,"ocean_menu_typo_spacing_mobile":0,"ocean_menu_typo_spacing_unit":"","ocean_menu_link_color":"","ocean_menu_link_color_hover":"","ocean_menu_link_color_active":"","ocean_menu_link_background":"","ocean_menu_link_hover_background":"","ocean_menu_link_active_background":"","ocean_menu_social_links_bg":"","ocean_menu_social_hover_links_bg":"","ocean_menu_social_links_color":"","ocean_menu_social_hover_links_color":"","ocean_disable_title":"default","ocean_disable_heading":"default","ocean_post_title":"","ocean_post_subheading":"","ocean_post_title_style":"","ocean_post_title_background_color":"","ocean_post_title_background":0,"ocean_post_title_bg_image_position":"","ocean_post_title_bg_image_attachment":"","ocean_post_title_bg_image_repeat":"","ocean_post_title_bg_image_size":"","ocean_post_title_height":0,"ocean_post_title_bg_overlay":0.5,"ocean_post_title_bg_overlay_color":"","ocean_disable_breadcrumbs":"default","ocean_breadcrumbs_color":"","ocean_breadcrumbs_separator_color":"","ocean_breadcrumbs_links_color":"","ocean_breadcrumbs_links_hover_color":"","ocean_display_footer_widgets":"default","ocean_display_footer_bottom":"default","ocean_custom_footer_template":"0"},"product_brand":[],"product_cat":[21],"product_tag":[],"class_list":{"0":"post-314","1":"product","2":"type-product","3":"status-publish","4":"has-post-thumbnail","6":"product_cat-boites_vases","8":"entry","9":"has-media","11":"first","12":"instock","13":"shipping-taxable","14":"purchasable","15":"product-type-simple","16":"has-product-nav","17":"col","18":"span_1_of_3","19":"owp-content-center","20":"owp-thumbs-layout-horizontal","21":"owp-btn-normal","22":"owp-tabs-layout-horizontal"},"_links":{"self":[{"href":"https:\/\/www.latelierdemooo.fr\/index.php?rest_route=\/wp\/v2\/product\/314","targetHints":{"allow":["GET"]}}],"collection":[{"href":"https:\/\/www.latelierdemooo.fr\/index.php?rest_route=\/wp\/v2\/product"}],"about":[{"href":"https:\/\/www.latelierdemooo.fr\/index.php?rest_route=\/wp\/v2\/types\/product"}],"wp:featuredmedia":[{"embeddable":true,"href":"https:\/\/www.latelierdemooo.fr\/index.php?rest_route=\/wp\/v2\/media\/388"}],"wp:attachment":[{"href":"https:\/\/www.latelierdemooo.fr\/index.php?rest_route=%2Fwp%2Fv2%2Fmedia&parent=314"}],"wp:term":[{"taxonomy":"product_brand","embeddable":true,"href":"https:\/\/www.latelierdemooo.fr\/index.php?rest_route=%2Fwp%2Fv2%2Fproduct_brand&post=314"},{"taxonomy":"product_cat","embeddable":true,"href":"https:\/\/www.latelierdemooo.fr\/index.php?rest_route=%2Fwp%2Fv2%2Fproduct_cat&post=314"},{"taxonomy":"product_tag","embeddable":true,"href":"https:\/\/www.latelierdemooo.fr\/index.php?rest_route=%2Fwp%2Fv2%2Fproduct_tag&post=314"}],"curies":[{"name":"wp","href":"https:\/\/api.w.org\/{rel}","templated":true}]}}