{"id":339,"date":"2026-02-12T10:20:58","date_gmt":"2026-02-12T09:20:58","guid":{"rendered":"https:\/\/www.latelierdemooo.fr\/?post_type=product&#038;p=339"},"modified":"2026-02-12T10:21:04","modified_gmt":"2026-02-12T09:21:04","slug":"vase-bonsai-en-gres-noir-brut-a-cinq-pieds","status":"publish","type":"product","link":"https:\/\/www.latelierdemooo.fr\/?product=vase-bonsai-en-gres-noir-brut-a-cinq-pieds","title":{"rendered":"Vase bonsa\u00ef en gr\u00e8s noir brut \u00e0 cinq pieds"},"content":{"rendered":"<p>Le vase bonsa\u00ef en gr\u00e8s noir brut \u00e0 cinq pieds se distingue par son allure profond\u00e9ment organique et terreuse. Taill\u00e9 dans un gr\u00e8s noir \u00e0 la surface volontairement laiss\u00e9e brute, ce vase capture l&rsquo;essence de la nature sauvage et indompt\u00e9e. Ses dimensions, L 19,5 cm, l 14,5 cm et H 6,5 cm, font de lui un \u00e9crin parfait pour abriter un bonsa\u00ef, soulignant sa beaut\u00e9 naturelle par un contraste saisissant avec la rugosit\u00e9 du gr\u00e8s. Le vase repose sur cinq pieds discrets mais fonctionnels, lui conf\u00e9rant une stabilit\u00e9 tout en ajoutant une note de l\u00e9g\u00e8ret\u00e9 \u00e0 l&rsquo;ensemble.<\/p>\n<p><strong>Technique et Mat\u00e9riaux :<\/strong><\/p>\n<ul>\n<li>Mat\u00e9riau : gr\u00e8s noir brut<\/li>\n<li>Dimensions : L 19,5 cm, l 14,5 cm, H 6,5 cm<\/li>\n<li>Structure : cinq pieds pour une stabilit\u00e9 optimale<\/li>\n<\/ul>\n<p><strong>Esth\u00e9tique et Fonction :<\/strong><br \/>\nCe vase, par sa structure irr\u00e9guli\u00e8re et asym\u00e9trique, \u00e9voque la puissance des \u00e9l\u00e9ments naturels. Sa forme creuse et ses bords irr\u00e9guliers rappellent un crat\u00e8re ancien, une coupe fa\u00e7onn\u00e9e par le temps. Le gr\u00e8s, laiss\u00e9 en son \u00e9tat naturel, conf\u00e8re une pr\u00e9sence nette et tangible, id\u00e9ale pour sublimer un bonsa\u00ef ou une composition florale s\u00e8che. Ce vase constitue une pi\u00e8ce de choix pour tout amateur de design brut et minimaliste, apportant une touche d&rsquo;authenticit\u00e9 et de simplicit\u00e9 \u00e0 l&rsquo;espace qu&rsquo;il habite.<\/p>\n<p><strong>Placement et Usages :<\/strong><br \/>\nParfait pour une utilisation int\u00e9rieure, ce vase trouve sa place sur une table basse, un rebord de fen\u00eatre ou une \u00e9tag\u00e8re, particuli\u00e8rement dans un environnement moderne o\u00f9 il contraste joliment avec des mat\u00e9riaux plus lisses et polis. C&rsquo;est un t\u00e9moin silencieux du lien entre l&rsquo;artisanat et la nature, pr\u00eat \u00e0 accueillir la s\u00e9r\u00e9nit\u00e9 d&rsquo;un jardin miniature.<\/p>\n","protected":false},"excerpt":{"rendered":"<p>D\u00e9couvrez le vase bonsa\u00ef en gr\u00e8s noir brut \u00e0 cinq pieds, un chef-d&rsquo;\u0153uvre organique et minimaliste. Id\u00e9al pour sublimer un bonsa\u00ef, il allie beaut\u00e9 naturelle et artisanale.<\/p>\n","protected":false},"featured_media":341,"template":"","meta":{"ocean_post_layout":"","ocean_both_sidebars_style":"","ocean_both_sidebars_content_width":0,"ocean_both_sidebars_sidebars_width":0,"ocean_sidebar":"0","ocean_second_sidebar":"0","ocean_disable_margins":"enable","ocean_add_body_class":"","ocean_shortcode_before_top_bar":"","ocean_shortcode_after_top_bar":"","ocean_shortcode_before_header":"","ocean_shortcode_after_header":"","ocean_has_shortcode":"","ocean_shortcode_after_title":"","ocean_shortcode_before_footer_widgets":"","ocean_shortcode_after_footer_widgets":"","ocean_shortcode_before_footer_bottom":"","ocean_shortcode_after_footer_bottom":"","ocean_display_top_bar":"default","ocean_display_header":"default","ocean_header_style":"","ocean_center_header_left_menu":"0","ocean_custom_header_template":"0","ocean_custom_logo":340,"ocean_custom_retina_logo":0,"ocean_custom_logo_max_width":0,"ocean_custom_logo_tablet_max_width":0,"ocean_custom_logo_mobile_max_width":0,"ocean_custom_logo_max_height":0,"ocean_custom_logo_tablet_max_height":0,"ocean_custom_logo_mobile_max_height":0,"ocean_header_custom_menu":"0","ocean_menu_typo_font_family":"0","ocean_menu_typo_font_subset":"","ocean_menu_typo_font_size":0,"ocean_menu_typo_font_size_tablet":0,"ocean_menu_typo_font_size_mobile":0,"ocean_menu_typo_font_size_unit":"px","ocean_menu_typo_font_weight":"","ocean_menu_typo_font_weight_tablet":"","ocean_menu_typo_font_weight_mobile":"","ocean_menu_typo_transform":"","ocean_menu_typo_transform_tablet":"","ocean_menu_typo_transform_mobile":"","ocean_menu_typo_line_height":0,"ocean_menu_typo_line_height_tablet":0,"ocean_menu_typo_line_height_mobile":0,"ocean_menu_typo_line_height_unit":"","ocean_menu_typo_spacing":0,"ocean_menu_typo_spacing_tablet":0,"ocean_menu_typo_spacing_mobile":0,"ocean_menu_typo_spacing_unit":"","ocean_menu_link_color":"","ocean_menu_link_color_hover":"","ocean_menu_link_color_active":"","ocean_menu_link_background":"","ocean_menu_link_hover_background":"","ocean_menu_link_active_background":"","ocean_menu_social_links_bg":"","ocean_menu_social_hover_links_bg":"","ocean_menu_social_links_color":"","ocean_menu_social_hover_links_color":"","ocean_disable_title":"default","ocean_disable_heading":"default","ocean_post_title":"","ocean_post_subheading":"","ocean_post_title_style":"","ocean_post_title_background_color":"","ocean_post_title_background":0,"ocean_post_title_bg_image_position":"","ocean_post_title_bg_image_attachment":"","ocean_post_title_bg_image_repeat":"","ocean_post_title_bg_image_size":"","ocean_post_title_height":0,"ocean_post_title_bg_overlay":0.5,"ocean_post_title_bg_overlay_color":"","ocean_disable_breadcrumbs":"default","ocean_breadcrumbs_color":"","ocean_breadcrumbs_separator_color":"","ocean_breadcrumbs_links_color":"","ocean_breadcrumbs_links_hover_color":"","ocean_display_footer_widgets":"default","ocean_display_footer_bottom":"default","ocean_custom_footer_template":"0"},"product_brand":[],"product_cat":[21],"product_tag":[],"class_list":{"0":"post-339","1":"product","2":"type-product","3":"status-publish","4":"has-post-thumbnail","6":"product_cat-boites_vases","8":"entry","9":"has-media","11":"first","12":"instock","13":"shipping-taxable","14":"purchasable","15":"product-type-simple","16":"has-product-nav","17":"col","18":"span_1_of_3","19":"owp-content-center","20":"owp-thumbs-layout-horizontal","21":"owp-btn-normal","22":"owp-tabs-layout-horizontal"},"_links":{"self":[{"href":"https:\/\/www.latelierdemooo.fr\/index.php?rest_route=\/wp\/v2\/product\/339","targetHints":{"allow":["GET"]}}],"collection":[{"href":"https:\/\/www.latelierdemooo.fr\/index.php?rest_route=\/wp\/v2\/product"}],"about":[{"href":"https:\/\/www.latelierdemooo.fr\/index.php?rest_route=\/wp\/v2\/types\/product"}],"wp:featuredmedia":[{"embeddable":true,"href":"https:\/\/www.latelierdemooo.fr\/index.php?rest_route=\/wp\/v2\/media\/341"}],"wp:attachment":[{"href":"https:\/\/www.latelierdemooo.fr\/index.php?rest_route=%2Fwp%2Fv2%2Fmedia&parent=339"}],"wp:term":[{"taxonomy":"product_brand","embeddable":true,"href":"https:\/\/www.latelierdemooo.fr\/index.php?rest_route=%2Fwp%2Fv2%2Fproduct_brand&post=339"},{"taxonomy":"product_cat","embeddable":true,"href":"https:\/\/www.latelierdemooo.fr\/index.php?rest_route=%2Fwp%2Fv2%2Fproduct_cat&post=339"},{"taxonomy":"product_tag","embeddable":true,"href":"https:\/\/www.latelierdemooo.fr\/index.php?rest_route=%2Fwp%2Fv2%2Fproduct_tag&post=339"}],"curies":[{"name":"wp","href":"https:\/\/api.w.org\/{rel}","templated":true}]}}