{"id":345,"date":"2026-02-12T10:28:55","date_gmt":"2026-02-12T09:28:55","guid":{"rendered":"https:\/\/www.latelierdemooo.fr\/?post_type=product&#038;p=345"},"modified":"2026-02-12T10:29:00","modified_gmt":"2026-02-12T09:29:00","slug":"petit-pot-kurinuki-en-gres-blanc","status":"publish","type":"product","link":"https:\/\/www.latelierdemooo.fr\/?product=petit-pot-kurinuki-en-gres-blanc","title":{"rendered":"Petit Pot Kurinuki en Gr\u00e8s Blanc"},"content":{"rendered":"<p>Ce petit pot fa\u00e7onn\u00e9 selon la technique du <strong>kurinuki<\/strong> incarne la beaut\u00e9 brute et organique des c\u00e9ramiques japonaises traditionnelles. Taill\u00e9 directement dans un bloc de <strong>gr\u00e8s blanc<\/strong>, il pr\u00e9sente une silhouette irr\u00e9guli\u00e8re et authentique qui rappelle les formes naturelles model\u00e9es par le temps. Mesurant une hauteur de 6,5 cm et un diam\u00e8tre de 8,5 cm, ce contenant est l&rsquo;incarnation parfaite de l&rsquo;esth\u00e9tique wabi-sabi, o\u00f9 les imperfections deviennent sources de charme et d&rsquo;originalit\u00e9.<\/p>\n<p>L\u2019artisan a laiss\u00e9 la mati\u00e8re s&rsquo;exprimer avec simplicit\u00e9, exploitant la texture granuleuse du gr\u00e8s pour cr\u00e9er une surface tactile qui invite au toucher. La couleur blanche, pure et sobre, \u00e9voque une neige immacul\u00e9e ou un nuage flottant, ajoutant une sensation de calme et de s\u00e9r\u00e9nit\u00e9 \u00e0 l&rsquo;objet. Bien que modeste par sa taille, ce pot est puissant dans son expression, offrant un \u00e9quilibre entre finesse sculpturale et rusticit\u00e9 terreuse.<\/p>\n<p>Cet objet pourrait orner une \u00e9tag\u00e8re minimaliste, servir de contenant \u00e0 des petits objets pr\u00e9cieux ou encore se pr\u00eater \u00e0 un usage quotidien, ajoutant une touche d\u2019\u00e9l\u00e9gance subtile \u00e0 n&rsquo;importe quel cadre. Parfait pour les amateurs de c\u00e9ramique \u00e0 la recherche d&rsquo;un \u00e9quilibre entre tradition et modernit\u00e9, ce pot kurinuki est une c\u00e9l\u00e9bration de la simplicit\u00e9 complexe et intemporelle de l&rsquo;artisanat japonais.<\/p>\n","protected":false},"excerpt":{"rendered":"<p>D\u00e9couvrez le Petit Pot Kurinuki en gr\u00e8s blanc brut, une c\u00e9ramique unique de 6,5 cm par 8,5 cm, incarnant la beaut\u00e9 brute et organique des traditions japonaises. Met en valeur l&rsquo;esth\u00e9tique wabi-sabi avec \u00e9l\u00e9gance et s\u00e9r\u00e9nit\u00e9.<\/p>\n","protected":false},"featured_media":347,"template":"","meta":{"ocean_post_layout":"","ocean_both_sidebars_style":"","ocean_both_sidebars_content_width":0,"ocean_both_sidebars_sidebars_width":0,"ocean_sidebar":"0","ocean_second_sidebar":"0","ocean_disable_margins":"enable","ocean_add_body_class":"","ocean_shortcode_before_top_bar":"","ocean_shortcode_after_top_bar":"","ocean_shortcode_before_header":"","ocean_shortcode_after_header":"","ocean_has_shortcode":"","ocean_shortcode_after_title":"","ocean_shortcode_before_footer_widgets":"","ocean_shortcode_after_footer_widgets":"","ocean_shortcode_before_footer_bottom":"","ocean_shortcode_after_footer_bottom":"","ocean_display_top_bar":"default","ocean_display_header":"default","ocean_header_style":"","ocean_center_header_left_menu":"0","ocean_custom_header_template":"0","ocean_custom_logo":346,"ocean_custom_retina_logo":0,"ocean_custom_logo_max_width":0,"ocean_custom_logo_tablet_max_width":0,"ocean_custom_logo_mobile_max_width":0,"ocean_custom_logo_max_height":0,"ocean_custom_logo_tablet_max_height":0,"ocean_custom_logo_mobile_max_height":0,"ocean_header_custom_menu":"0","ocean_menu_typo_font_family":"0","ocean_menu_typo_font_subset":"","ocean_menu_typo_font_size":0,"ocean_menu_typo_font_size_tablet":0,"ocean_menu_typo_font_size_mobile":0,"ocean_menu_typo_font_size_unit":"px","ocean_menu_typo_font_weight":"","ocean_menu_typo_font_weight_tablet":"","ocean_menu_typo_font_weight_mobile":"","ocean_menu_typo_transform":"","ocean_menu_typo_transform_tablet":"","ocean_menu_typo_transform_mobile":"","ocean_menu_typo_line_height":0,"ocean_menu_typo_line_height_tablet":0,"ocean_menu_typo_line_height_mobile":0,"ocean_menu_typo_line_height_unit":"","ocean_menu_typo_spacing":0,"ocean_menu_typo_spacing_tablet":0,"ocean_menu_typo_spacing_mobile":0,"ocean_menu_typo_spacing_unit":"","ocean_menu_link_color":"","ocean_menu_link_color_hover":"","ocean_menu_link_color_active":"","ocean_menu_link_background":"","ocean_menu_link_hover_background":"","ocean_menu_link_active_background":"","ocean_menu_social_links_bg":"","ocean_menu_social_hover_links_bg":"","ocean_menu_social_links_color":"","ocean_menu_social_hover_links_color":"","ocean_disable_title":"default","ocean_disable_heading":"default","ocean_post_title":"","ocean_post_subheading":"","ocean_post_title_style":"","ocean_post_title_background_color":"","ocean_post_title_background":0,"ocean_post_title_bg_image_position":"","ocean_post_title_bg_image_attachment":"","ocean_post_title_bg_image_repeat":"","ocean_post_title_bg_image_size":"","ocean_post_title_height":0,"ocean_post_title_bg_overlay":0.5,"ocean_post_title_bg_overlay_color":"","ocean_disable_breadcrumbs":"default","ocean_breadcrumbs_color":"","ocean_breadcrumbs_separator_color":"","ocean_breadcrumbs_links_color":"","ocean_breadcrumbs_links_hover_color":"","ocean_display_footer_widgets":"default","ocean_display_footer_bottom":"default","ocean_custom_footer_template":"0"},"product_brand":[],"product_cat":[21],"product_tag":[],"class_list":{"0":"post-345","1":"product","2":"type-product","3":"status-publish","4":"has-post-thumbnail","6":"product_cat-boites_vases","8":"entry","9":"has-media","11":"first","12":"instock","13":"shipping-taxable","14":"purchasable","15":"product-type-simple","16":"has-product-nav","17":"col","18":"span_1_of_3","19":"owp-content-center","20":"owp-thumbs-layout-horizontal","21":"owp-btn-normal","22":"owp-tabs-layout-horizontal"},"_links":{"self":[{"href":"https:\/\/www.latelierdemooo.fr\/index.php?rest_route=\/wp\/v2\/product\/345","targetHints":{"allow":["GET"]}}],"collection":[{"href":"https:\/\/www.latelierdemooo.fr\/index.php?rest_route=\/wp\/v2\/product"}],"about":[{"href":"https:\/\/www.latelierdemooo.fr\/index.php?rest_route=\/wp\/v2\/types\/product"}],"wp:featuredmedia":[{"embeddable":true,"href":"https:\/\/www.latelierdemooo.fr\/index.php?rest_route=\/wp\/v2\/media\/347"}],"wp:attachment":[{"href":"https:\/\/www.latelierdemooo.fr\/index.php?rest_route=%2Fwp%2Fv2%2Fmedia&parent=345"}],"wp:term":[{"taxonomy":"product_brand","embeddable":true,"href":"https:\/\/www.latelierdemooo.fr\/index.php?rest_route=%2Fwp%2Fv2%2Fproduct_brand&post=345"},{"taxonomy":"product_cat","embeddable":true,"href":"https:\/\/www.latelierdemooo.fr\/index.php?rest_route=%2Fwp%2Fv2%2Fproduct_cat&post=345"},{"taxonomy":"product_tag","embeddable":true,"href":"https:\/\/www.latelierdemooo.fr\/index.php?rest_route=%2Fwp%2Fv2%2Fproduct_tag&post=345"}],"curies":[{"name":"wp","href":"https:\/\/api.w.org\/{rel}","templated":true}]}}