{"id":369,"date":"2026-02-12T11:09:26","date_gmt":"2026-02-12T10:09:26","guid":{"rendered":"https:\/\/www.latelierdemooo.fr\/?post_type=product&#038;p=369"},"modified":"2026-02-12T11:09:32","modified_gmt":"2026-02-12T10:09:32","slug":"petit-vase-bonsai-en-gres-noir-emaille","status":"publish","type":"product","link":"https:\/\/www.latelierdemooo.fr\/?product=petit-vase-bonsai-en-gres-noir-emaille","title":{"rendered":"Petit Vase Bonsa\u00ef en Gr\u00e8s Noir \u00c9maill\u00e9"},"content":{"rendered":"<p>Ce petit vase en <strong>gr\u00e8s noir \u00e9maill\u00e9<\/strong> se pr\u00e9sente comme un \u00e9crin pr\u00e9cieux pour les d\u00e9licats <strong>bonsa\u00efs<\/strong>, fusionnant esth\u00e9tique et fonctionnalit\u00e9. Avec des dimensions de 20 cm de long, 14 cm de large, et 6 cm de haut, il semble capturer l&rsquo;essence de l&rsquo;\u00e9l\u00e9gance minimaliste japonaise. Le gr\u00e8s, connu pour sa <strong>durabilit\u00e9<\/strong> et sa r\u00e9sistance, conf\u00e8re \u00e0 cette pi\u00e8ce une impression de robustesse et de p\u00e9rennit\u00e9 intemporelle. <\/p>\n<p>La finition \u00e9maill\u00e9e lui apporte une touche de <strong>brillance subtile<\/strong>, rehaussant ses courbes \u00e9l\u00e9gantes et ses lignes fluides. Ce vase est non seulement un choix pratique pour les amateurs de bonsa\u00ef, mais \u00e9galement une \u0153uvre d&rsquo;art \u00e0 exposer fi\u00e8rement. La texture de l&rsquo;argile appara\u00eet presque organique, \u00e9voquant les reliefs naturels d&rsquo;un paysage montagneux en miniature. <\/p>\n<p>Con\u00e7u pour accueillir votre bonsa\u00ef pr\u00e9f\u00e9r\u00e9, ce vase sublime les contours d\u00e9licats de la plante tout en respectant les r\u00e8gles de l&rsquo;art du <strong>bonsa\u00ef<\/strong>, o\u00f9 l&rsquo;harmonisation entre le contenant et le contenu est essentielle. Parfait pour \u00eatre expos\u00e9 sur une \u00e9tag\u00e8re minimaliste ou comme centre de table, ce vase ajoute une note de s\u00e9r\u00e9nit\u00e9 et de raffinement \u00e0 n&rsquo;importe quel int\u00e9rieur. Il invite les regards \u00e0 se poser, \u00e0 admirer, \u00e0 m\u00e9diter. <\/p>\n","protected":false},"excerpt":{"rendered":"<p>D\u00e9couvrez l&rsquo;\u00e9l\u00e9gance du petit vase bonsa\u00ef en gr\u00e8s noir \u00e9maill\u00e9, fusionnant tradition japonaise et design moderne. Parfait pour sublimer vos bonsa\u00efs.<\/p>\n","protected":false},"featured_media":371,"template":"","meta":{"ocean_post_layout":"","ocean_both_sidebars_style":"","ocean_both_sidebars_content_width":0,"ocean_both_sidebars_sidebars_width":0,"ocean_sidebar":"0","ocean_second_sidebar":"0","ocean_disable_margins":"enable","ocean_add_body_class":"","ocean_shortcode_before_top_bar":"","ocean_shortcode_after_top_bar":"","ocean_shortcode_before_header":"","ocean_shortcode_after_header":"","ocean_has_shortcode":"","ocean_shortcode_after_title":"","ocean_shortcode_before_footer_widgets":"","ocean_shortcode_after_footer_widgets":"","ocean_shortcode_before_footer_bottom":"","ocean_shortcode_after_footer_bottom":"","ocean_display_top_bar":"default","ocean_display_header":"default","ocean_header_style":"","ocean_center_header_left_menu":"0","ocean_custom_header_template":"0","ocean_custom_logo":370,"ocean_custom_retina_logo":0,"ocean_custom_logo_max_width":0,"ocean_custom_logo_tablet_max_width":0,"ocean_custom_logo_mobile_max_width":0,"ocean_custom_logo_max_height":0,"ocean_custom_logo_tablet_max_height":0,"ocean_custom_logo_mobile_max_height":0,"ocean_header_custom_menu":"0","ocean_menu_typo_font_family":"0","ocean_menu_typo_font_subset":"","ocean_menu_typo_font_size":0,"ocean_menu_typo_font_size_tablet":0,"ocean_menu_typo_font_size_mobile":0,"ocean_menu_typo_font_size_unit":"px","ocean_menu_typo_font_weight":"","ocean_menu_typo_font_weight_tablet":"","ocean_menu_typo_font_weight_mobile":"","ocean_menu_typo_transform":"","ocean_menu_typo_transform_tablet":"","ocean_menu_typo_transform_mobile":"","ocean_menu_typo_line_height":0,"ocean_menu_typo_line_height_tablet":0,"ocean_menu_typo_line_height_mobile":0,"ocean_menu_typo_line_height_unit":"","ocean_menu_typo_spacing":0,"ocean_menu_typo_spacing_tablet":0,"ocean_menu_typo_spacing_mobile":0,"ocean_menu_typo_spacing_unit":"","ocean_menu_link_color":"","ocean_menu_link_color_hover":"","ocean_menu_link_color_active":"","ocean_menu_link_background":"","ocean_menu_link_hover_background":"","ocean_menu_link_active_background":"","ocean_menu_social_links_bg":"","ocean_menu_social_hover_links_bg":"","ocean_menu_social_links_color":"","ocean_menu_social_hover_links_color":"","ocean_disable_title":"default","ocean_disable_heading":"default","ocean_post_title":"","ocean_post_subheading":"","ocean_post_title_style":"","ocean_post_title_background_color":"","ocean_post_title_background":0,"ocean_post_title_bg_image_position":"","ocean_post_title_bg_image_attachment":"","ocean_post_title_bg_image_repeat":"","ocean_post_title_bg_image_size":"","ocean_post_title_height":0,"ocean_post_title_bg_overlay":0.5,"ocean_post_title_bg_overlay_color":"","ocean_disable_breadcrumbs":"default","ocean_breadcrumbs_color":"","ocean_breadcrumbs_separator_color":"","ocean_breadcrumbs_links_color":"","ocean_breadcrumbs_links_hover_color":"","ocean_display_footer_widgets":"default","ocean_display_footer_bottom":"default","ocean_custom_footer_template":"0"},"product_brand":[],"product_cat":[21],"product_tag":[],"class_list":{"0":"post-369","1":"product","2":"type-product","3":"status-publish","4":"has-post-thumbnail","6":"product_cat-boites_vases","8":"entry","9":"has-media","11":"first","12":"instock","13":"shipping-taxable","14":"purchasable","15":"product-type-simple","16":"has-product-nav","17":"col","18":"span_1_of_3","19":"owp-content-center","20":"owp-thumbs-layout-horizontal","21":"owp-btn-normal","22":"owp-tabs-layout-horizontal"},"_links":{"self":[{"href":"https:\/\/www.latelierdemooo.fr\/index.php?rest_route=\/wp\/v2\/product\/369","targetHints":{"allow":["GET"]}}],"collection":[{"href":"https:\/\/www.latelierdemooo.fr\/index.php?rest_route=\/wp\/v2\/product"}],"about":[{"href":"https:\/\/www.latelierdemooo.fr\/index.php?rest_route=\/wp\/v2\/types\/product"}],"wp:featuredmedia":[{"embeddable":true,"href":"https:\/\/www.latelierdemooo.fr\/index.php?rest_route=\/wp\/v2\/media\/371"}],"wp:attachment":[{"href":"https:\/\/www.latelierdemooo.fr\/index.php?rest_route=%2Fwp%2Fv2%2Fmedia&parent=369"}],"wp:term":[{"taxonomy":"product_brand","embeddable":true,"href":"https:\/\/www.latelierdemooo.fr\/index.php?rest_route=%2Fwp%2Fv2%2Fproduct_brand&post=369"},{"taxonomy":"product_cat","embeddable":true,"href":"https:\/\/www.latelierdemooo.fr\/index.php?rest_route=%2Fwp%2Fv2%2Fproduct_cat&post=369"},{"taxonomy":"product_tag","embeddable":true,"href":"https:\/\/www.latelierdemooo.fr\/index.php?rest_route=%2Fwp%2Fv2%2Fproduct_tag&post=369"}],"curies":[{"name":"wp","href":"https:\/\/api.w.org\/{rel}","templated":true}]}}